57 - -143?
-53014
In base 3, what is -21 + 11000102?
11000011
In base 2, what is 11000011100110011 + 11?
11000011100110110
In base 6, what is 131 + 10341?
10512
In base 6, what is 10404 - -11212?
22020
In base 4, what is 122 - -12030032?
12030220
In base 11, what is 11897 - 19?
11879
In base 7, what is -30 - -453056?
453026
In base 13, what is -864 - -24?
-840
In base 6, what is 110512 + 231?
111143
In base 7, what is 2435 + 16?
2454
In base 13, what is -17b - -109?
-72
In base 12, what is -1435 + 5?
-1430
In base 8, what is 661172 - -4?
661176
In base 14, what is 123a + 9?
1245
In base 10, what is 0 + 110470?
110470
In base 3, what is -102200 + 1102002?
222102
In base 8, what is 0 + 40304?
40304
In base 15, what is -44 - -5cd?
589
In base 12, what is -1 + a23?
a22
In base 11, what is -15a39 - 5?
-15a43
In base 4, what is -120133112 - -2?
-120133110
In base 6, what is 401204 + -1?
401203
In base 2, what is -1010001111 + -1100010?
-1011110001
In base 12, what is 29735 + 8?
29741
In base 2, what is -1001000111 + 110111?
-1000010000
In base 8, what is 10154 + -5?
10147
In base 15, what is 4 + -438e?
-438a
In base 15, what is 7 + 3c831?
3c838
In base 11, what is -3 - 48624?
-48627
In base 3, what is 11220 + -12212110?
-12200120
In base 5, what is -13202223 - -4?
-13202214
In base 6, what is -3 - -3340?
3333
In base 10, what is -182378 + 3?
-182375
In base 9, what is 6 - -216783?
216800
In base 13, what is 4b6b9 - 0?
4b6b9
In base 4, what is 1123003 - 1?
1123002
In base 9, what is 0 - 2255455?
-2255455
In base 8, what is 4 + -4562055?
-4562051
In base 8, what is -634103 + 2?
-634101
In base 15, what is -2647a + 1?
-26479
In base 10, what is -5838 - -4?
-5834
In base 16, what is 6 - -5e95?
5e9b
In base 4, what is -1200 - 2221321?
-2223121
In base 15, what is -1b77 - 6?
-1b7d
In base 2, what is -11010 - 1011100110?
-1100000000
In base 12, what is 8145 + 0?
8145
In base 13, what is -2 - -19161?
1915c
In base 13, what is -a - -25b4?
25a7
In base 9, what is 136 + -375?
-238
In base 15, what is -9a + -65?
-110
In base 6, what is 122 + -33504?
-33342
In base 5, what is 124104 - 4014?
120040
In base 16, what is f + -5099?
-508a
In base 6, what is -10123 - 332?
-10455
In base 8, what is 1532403 - 2?
1532401
In base 4, what is 2220 + -303320?
-301100
In base 16, what is 32529 - 2?
32527
In base 15, what is 2 + 360d?
3610
In base 10, what is 8581 + -5?
8576
In base 8, what is 20 + -27043?
-27023
In base 6, what is -4 + 251213?
251205
In base 9, what is -50 - 37512?
-37562
In base 11, what is 73165 - -29?
73193
In base 15, what is -16d - 177c?
-18ea
In base 14, what is -3ac6 - -39?
-3a8b
In base 3, what is 121010 - -100010?
221020
In base 11, what is -35a215 + 5?
-35a210
In base 10, what is -11 + 1706?
1695
In base 5, what is 1241403043 - -3?
1241403101
In base 3, what is 110010 - -110112?
220122
In base 8, what is -2 + -1350754?
-1350756
In base 5, what is -200 + -140301?
-141001
In base 5, what is -122 - -3112?
2440
In base 16, what is -71 + -957?
-9c8
In base 13, what is -23899a + -4?
-2389a1
In base 3, what is -1 + -1211010021?
-1211010022
In base 5, what is -1 + -22221212?
-22221213
In base 9, what is 802 + -188?
603
In base 10, what is -171 - -1216?
1045
In base 8, what is -3326 + -747?
-4275
In base 16, what is 1 + 11909?
1190a
In base 3, what is -1 - -22111210?
22111202
In base 4, what is 220011 - 101?
213310
In base 16, what is 2 - e4f96?
-e4f94
In base 8, what is -6031 - -706?
-5123
In base 12, what is -18b3a4 - -3?
-18b3a1
In base 14, what is d5 + 21?
116
In base 2, what is -10111110000110100 + 100?
-10111110000110000
In base 14, what is -183 + 11?
-172
In base 7, what is -223616 - 1?
-223620
In base 7, what is -26505 + -23?
-26531
In base 12, what is a96 + -183?
913
In base 16, what is ca3 - 0?
ca3
In base 8, what is -1615 - -2471?
654
In base 8, what is -3 - 5411274?
-5411277
In base 14, what is -39 - 464?
-49d
In base 10, what is -9 - -3665?
3656
In base 9, what is 30 + 31823?
31853
In base 14, what is 1 - -5920?
5921
In base 15, what is 8b5d + 4?
8b62
In base 8, what is -246 + -260?
-526
In base 5, what is -4421134002 - 0?
-4421134002
In base 3, what is -12110112 + 11?
-12110101
In base 6, what is -15 + -1123340?
-1123355
In base 5, what is 3332 - 41034?
-32202
In base 2, what is -1010100110 - -1000?
-1010011110
In base 2, what is -1 - -101101001111000010011?
101101001111000010010
In base 13, what is -5a02 + -1?
-5a03
In base 10, what is 120171 - 2?
120169
In base 5, what is 2 - -2010230?
2010232
In base 6, what is 130 - -5453?
10023
In base 12, what is 8 - -3591?
3599
In base 14, what is -bc + -292?
-370
In base 5, what is 1203 - 332?
321
In base 4, what is -13011310 + 2?
-13011302
In base 12, what is 27 - -3382?
33a9
In base 12, what is 64 - -400?
464
In base 13, what is 14 + 687b2?
687c6
In base 7, what is -26 - -30323?
30264
In base 7, what is -123 + -25000?
-25123
In base 3, what is -1000 - -2221122?
2220122
In base 11, what is -5 + -11145?
-1114a
In base 11, what is 0 - 53a5?
-53a5
In base 10, what is 2103 - 27?
2076
In base 13, what is 130 - 886?
-756
In base 6, what is 140051 + -100?
135551
In base 13, what is -534 - 431?
-965
In base 11, what is 145a - -700?
205a
In base 10, what is 3 - 841378?
-841375
In base 13, what is -158 - -379c?
3644
In base 14, what is 1c + -2607?
-25c9
In base 15, what is 17d2 + -60?
1772
In base 3, what is 22 - -20102020122?
20102020221
In base 2, what is -1011 - -1010010011001?
1010010001110
In base 10, what is 10 + -89152?
-89142
In base 5, what is -21323132 + -10?
-21323142
In base 10, what is -790 - -59?
-731
In base 4, what is -331030031 - 3?
-331030100
In base 11, what is 615a - -9?
6168
In base 15, what is -1da - 1b5?
-3a0
In base 15, what is -1094d + 1?
-1094c
In base 3, what is -1 + -110200011001?
-110200011002
In base 11, what is -37 + -38840?
-38877
In base 6, what is 2 - 1531?
-1525
In base 12, what is 13 + 3a?
51
In base 5, what is 344034 + 41?
344130
In base 9, what is 37035 + -107?
36827
In base 14, what is a15 + -a?
a09
In base 2, what is -100 - 100100100111000?
-100100100111100
In base 4, what is 30 - -120031201?
120031231
In base 2, what is -1101000100001111 + -100000?
-1101000100101111
In base 10, what is -37164 + -16?
-37180
In base 3, what is -11122201112011 + 10?
-11122201112001
In base 2, what is -110 - -110001111010?
110001110100
In base 6, what is -2235315 + -2?
-2235321
In base 16, what is c2 - -f7?
1b9
In base 4, what is 101031110 - -11?
101031121
In base 10, what is 3129 - -104?
3233
In base 3, what is 1 - -211111122?
211111200
In base 16, what is -5 - 4de0c?
-4de11
In base 4, what is -3312100320 - 2?
-3312100322
In base 8, what is -474113 + -5?
-474120
In base 3, what is 10 + 2221100122?
2221100202
In base 14, what is -3d + -19cc?
-1a2b
In base 5, what is -3 - 42322?
-42330
In base 9, what is -1045 - -16?
-1028
In base 14, what is 572d + -4?
5729
In base 9, what is -103202 + 20?
-103172
In base 14, what is -3 + -a20?
-a23
In base 6, what is -144 - 3242?
-3430
In base 6, what is 3 - 240330?
-240323
In base 11, what is -48aa0 + 16?
-48a85
In base 2, what is 101011111 - 1101101010010?
-1100111110011
In base 11, what is -13 - 218865?
-218878
In base 5, what is -1413233 - 21?
-1413304
In base 12, what is -136 + 2b?
-107
In base 5, what is -230 - 423000?
-423230
In base 2, what is -1011 - 1110101001010?
-1110101010101
In base 10, what is -12 - -1821?
1809
In base 4, what is -10 - 2222221022?
-2222221032
In base 6, what is 1 + -503221?
-503220
In base 16, what is -5 - 157c?
-1581
In base 16, what is 3b - -24c?
287
In base 11, what is 409 + -98?
321
In base 7, what is -121 + 10?
-111
In base 13, what is 4c5 - -86?
57b
In base 3, what is 20120 - 12120?
1000
In base 10, what is 4 - 955?
-951
In base 12, what is 6 + -23186?
-23180
In base 13, what is -2789 + -169?
-2925
In base 2, what is 1010 - 10110111111100?
-10110111110010
In base 13, what is -2 - -1862?
1860
In base 11, what is -176457 - 2?
-176459
In base 13, what is 16b - 16?
155
In base 4, what is -2012303322 + -11?
-2012303333
In base 6, what is 54432 - -25?
54501
In base 7, what is -221614 + 24?
-221560
In base 2, what is -101010010000111110 + 1001?
-101010010000110101
In base 3, what is 10 + -111111101211?
-111111101201
In bas